{"id":45,"date":"2026-04-15T12:47:43","date_gmt":"2026-04-15T12:47:43","guid":{"rendered":"https:\/\/zirvepest.com.tr\/blog\/?page_id=45"},"modified":"2026-04-16T13:34:20","modified_gmt":"2026-04-16T13:34:20","slug":"iletisim","status":"publish","type":"page","link":"https:\/\/zirvepest.com.tr\/blog\/iletisim\/","title":{"rendered":"Zirve \u0130la\u00e7lama  &#8211; 0553 087 90 07"},"content":{"rendered":"\n<p><a href=\"https:\/\/wa.me\/+905398404217\" target=\"_blank\" rel=\"noopener\"><\/a>Zirve \u0130la\u00e7lama &#8211; Antalya B\u00f6cek \u0130la\u00e7lama<\/p>\n\n\n\n<p>Ha\u015fere \u0130la\u00e7lama konusunda her t\u00fcrl\u00fc sorunuz i\u00e7in bizimle ileti\u015fime ge\u00e7mekten \u00e7ekinmeyin.<\/p>\n\n\n\n<p>Firmam\u0131z 7 G\u00fcn 24 Saat Antalyan\u0131n T\u00fcm B\u00f6lgelerine Hizmet Vermektedir.<\/p>\n\n\n\n<p><strong>\u0130leti\u015fim Bilgileri:<\/strong><\/p>\n\n\n\n<ul class=\"wp-block-list\">\n<li><strong>Adres:<\/strong> Muratpa\u015fa\/Antalya<\/li>\n\n\n\n<li><strong>Telefon:<\/strong> <a href=\"tel:+905530879007\">0553 087 90 07<\/a><\/li>\n\n\n\n<li><strong>Whatsapp: <a href=\"https:\/\/wa.me\/+905530879007\" target=\"_blank\" rel=\"noopener\">T\u0131kla Mesaj Yaz!<\/a><\/strong><\/li>\n\n\n\n<li><strong>Web Sitesi:<\/strong> <a href=\"https:\/\/www.zirvepest.com.tr\/\">www.zirvepest.com.tr<\/a><\/li>\n\n\n\n<li><strong>E-posta:<\/strong> <a href=\"mailto:info@zirvepest.com.tr\" data-type=\"mailto\" data-id=\"mailto:info@zirvepest.com.tr\">info@zirvepest.com.tr<\/a><\/li>\n<\/ul>\n\n\n\n<ul class=\"wp-block-list\">\n<li><strong>Facebook:<\/strong> <a href=\"https:\/\/www.facebook.com\/Zirveilaclamacom\/\" target=\"_blank\" rel=\"noopener\">Zirve \u0130la\u00e7lama &#8211; Facebook<\/a><\/li>\n\n\n\n<li><strong>Instagram:<\/strong> <a href=\"https:\/\/www.instagram.com\/zirveilaclama\" target=\"_blank\" rel=\"noopener\">Zirve \u0130la\u00e7lama &#8211; \u0130nstagram<\/a><\/li>\n\n\n\n<li><strong>X (Twitter):<\/strong> <a href=\"https:\/\/x.com\/Zirveilaclama1\" target=\"_blank\" rel=\"noreferrer noopener\">Zirve \u0130la\u00e7lama &#8211; X<\/a><\/li>\n<\/ul>\n\n\n\n<p><strong>Firmam\u0131z 7\/24 Hizmet Vermektedir.<\/strong><\/p>\n\n\n\n<p><strong>Adres:<\/strong> Zirve Pest Control \u0130la\u00e7lama Firmas\u0131 &#8211; Merkez , Muratpa\u015fa Antalya, T\u00fcrkiye<\/p>\n\n\n\n<hr class=\"wp-block-separator has-alpha-channel-opacity\"\/>\n\n\n\n<h2 class=\"wp-block-heading\"><a href=\"tel:05530879007\"><\/a><\/h2>\n","protected":false},"excerpt":{"rendered":"<p>Zirve \u0130la\u00e7lama &#8211; Antalya B\u00f6cek \u0130la\u00e7lama Ha\u015fere \u0130la\u00e7lama konusunda her t\u00fcrl\u00fc sorunuz i\u00e7in bizimle ileti\u015fime ge\u00e7mekten \u00e7ekinmeyin. Firmam\u0131z 7 G\u00fcn 24 Saat Antalyan\u0131n T\u00fcm B\u00f6lgelerine Hizmet Vermektedir. \u0130leti\u015fim Bilgileri: Firmam\u0131z 7\/24 Hizmet Vermektedir. Adres: Zirve Pest Control \u0130la\u00e7lama Firmas\u0131 &#8211; Merkez , Muratpa\u015fa Antalya, T\u00fcrkiye<\/p>\n","protected":false},"author":1,"featured_media":190,"parent":0,"menu_order":0,"comment_status":"closed","ping_status":"closed","template":"","meta":{"footnotes":""},"class_list":["post-45","page","type-page","status-publish","has-post-thumbnail"],"_links":{"self":[{"href":"https:\/\/zirvepest.com.tr\/blog\/wp-json\/wp\/v2\/pages\/45","targetHints":{"allow":["GET"]}}],"collection":[{"href":"https:\/\/zirvepest.com.tr\/blog\/wp-json\/wp\/v2\/pages"}],"about":[{"href":"https:\/\/zirvepest.com.tr\/blog\/wp-json\/wp\/v2\/types\/page"}],"author":[{"embeddable":true,"href":"https:\/\/zirvepest.com.tr\/blog\/wp-json\/wp\/v2\/users\/1"}],"replies":[{"embeddable":true,"href":"https:\/\/zirvepest.com.tr\/blog\/wp-json\/wp\/v2\/comments?post=45"}],"version-history":[{"count":0,"href":"https:\/\/zirvepest.com.tr\/blog\/wp-json\/wp\/v2\/pages\/45\/revisions"}],"wp:featuredmedia":[{"embeddable":true,"href":"https:\/\/zirvepest.com.tr\/blog\/wp-json\/wp\/v2\/media\/190"}],"wp:attachment":[{"href":"https:\/\/zirvepest.com.tr\/blog\/wp-json\/wp\/v2\/media?parent=45"}],"curies":[{"name":"wp","href":"https:\/\/api.w.org\/{rel}","templated":true}]}}